*o**2 - 12*o + 29. Let y(x) = -67*x**2 + 23*x - 59. Let v(c) = -13*s(c) - 6*y(c). Give v(17).
-6
Let r(j) be the first derivative of 4*j**3/3 - 19*j**2/2 + 9*j - 2714. Determine r(5).
14
Let x(n) = -n**2 - 49*n - 538. Let l be x(-17). Let s(k) = -28*k + 172. Give s(l).
4
Let x(r) = -9*r**2 - 18*r + 25. Let c(o) = -4*o**2 - 9*o + 12. Let z(u) = -7*c(u) + 3*x(u). Let d be (-14)/49 - 158/(-14). Let s = d - 20. Give z(s).
-9
Let l = 9 - 9. Let h(w) = -w - w + 1 + w**2 + l. Suppose a = 4*r - 43 + 40, 15 = 3*a. Give h(r).
1
Let g(p) be the first derivative of -5/2*p**2 + p + 308. What is g(2)?
-9
Let j(x) = -8*x**2 + 8*x - 3. Let k(s) = -17*s**2 + 17*s - 7. Let g(m) = -13*j(m) + 6*k(m). Suppose 364 = -4*y + 4*r, -4 = -5*r + 6. Let v = y + 86. Give g(v).
21
Let r(k) be the first derivative of -2*k**2 + 2*k - 205. Determine r(4).
-14
Let b(u) = -33 - u - 5*u + u - 17 + 48. Suppose -7*v + 2*v = -5*p + 50, 32 = -2*v + 5*p. Let j = v - -4. Give b(j).
8
Let d = -9593 - -9595. Let p(n) be the third derivative of -1/6*n**4 - 1/6*n**3 - 15*n**d + 0*n + 0. Determine p(-3).
11
Let q(p) = -6*p**3 + 10*p**2 - 5*p - 9. Let u(o) = -5*o**3 + 9*o**2 - 5*o - 8. Let g(c) = -4*q(c) + 5*u(c). Let b = 644 + -640. Calculate g(b).
-8
Suppose -20*g = 2*g - 374. Let v(l) = -15 + 31 - g - 6*l. Determine v(-1).
5
Let n(z) = -7 + 16*z**3 - 6*z + 8*z**2 - 24*z**2 + 10*z**2 - 15*z**3. Determine n(7).
0
Let q be (1/(0 - 1))/(1/(-4)). Let m(d) = -26 + 15 - d**3 + q*d**2 + 3*d + 14. Suppose -5*c = -7*s + 2*s - 5, 0 = 4*s + 4*c - 36. Calculate m(s).
15
Suppose 3 = 3*u + 3*y, -4*u + 6*u - 3*y - 12 = 0. Let n(l) = l**2 + 29*l + 6. Let x(s) = s**2 + 22*s + 4. Let j(g) = -3*n(g) + 4*x(g). Calculate j(u).
10
Suppose -173*p = -121*p - 624. Let g(i) = -4*i + 31. What is g(p)?
-17
Let t(y) = -y**3 + 11*y**2 - y - 16. Let p(g) = g**3 + 6*g**2 - 221*g - 1315. Let w be p(-6). Calculate t(w).
-27
Let l(v) = v**2 - 3*v + 1. Let a = 42 - 40. Suppose 5*p = -a*p - 308. Let j = p + 49. What is l(j)?
11
Let y(c) be the second derivative of 2/3*c**3 + 0*c**2 - 5/12*c**4 - 1 + 4*c + 1/20*c**5. Determine y(3).
-6
Let m = 25 + -15. Let o be (-2)/(-4)*(29 + -1). Let c = m - o. Let x(g) = -g**3 - 4*g**2 - 3*g - 5. Determine x(c).
7
Suppose 66 = -2*u + 5*m, 4*u - 5*m + 164 - 52 = 0. Let t(l) = 4*l**2 + 92*l - 2. Let p be t(u). Let s(x) = x**2 + 2*x + x**2 - 4*x**2. Determine s(p).
-12
Let p(s) = -3393197 + 30*s + 3393112 + s**2 - s**3 + 0*s**3. Determine p(3).
-13
Let w(s) = -9*s**3 - 2*s + 1. Let l = -12 + 6. Let u be 403/(-5) - l/(-105)*7. Let t = -80 - u. Calculate w(t).
-10
Let r(c) = -17*c**3 - 20*c**2 - 12*c - 25. Let i(t) = -5*t**3 - 7*t**2 - 5*t - 8. Let k(h) = -7*i(h) + 2*r(h). Give k(-7).
27
Let m(b) = -b**3 - 8*b**2 + 33*b - 6. Let g be (-105)/210 + 21/(-2). What is m(g)?
-6
Let b(t) = t**2 - 11*t + 25. Let h be b(3). Let n(u) = 0 - u**3 + 0*u**3 + 12*u**2 - 15*u**2 - h - 3*u. Let k(w) = w - 2. Let v be k(0). Determine n(v).
1
Let p(r) be the third derivative of -r**5/60 - 11*r**4/24 + 29*r**3/6 + 298*r**2. Determine p(-14).
-13
Let k(q) be the first derivative of q**6/120 - q**3/3 - 3*q**2/2 + 1. Let r(l) be the second derivative of k(l). Let t be -7*26/546*(0 + 0). Calculate r(t).
-2
Let w(b) = b**2 - b + 7. Let x be 2*-5*4/(-8). Suppose x*q + 34 = 3*q. Let h(g) = 3*g**2 - 4*g + 20. Let i(f) = q*w(f) + 6*h(f). Calculate i(3).
-11
Let s(q) be the first derivative of -4*q**3/3 + 2*q**2 + 2674. What is s(3)?
-24
Let s = -252 - -257. Let r(z) be the third derivative of -8*z**2 - 1/60*z**s + 1/24*z**4 + 0 + 0*z - 1/60*z**6 - 1/6*z**3. Calculate r(1).
-3
Let d(z) = -11*z**3 - 18*z**2 + 10*z + 30. Let y(u) = -5*u**3 - 8*u**2 + 5*u + 14. Let a(r) = 6*d(r) - 13*y(r). Calculate a(-5).
48
Let z(x) = x**3 - x**2 - x - 3. Let w(o) = -5*o + 176. Let c be w(-28). Let b = -316 + c. Determine z(b).
-3
Let f(i) = -3*i**3 - i**2 - 4*i - 1. Let o(n) = -10*n**3 + 3*n**2 - 10*n. Let l(a) = 3*f(a) - o(a). Determine l(6).
-15
Let u(r) = 12*r - 9*r + 48 - 6*r - r + 24. Suppose 3*i - 2*o - 54 = -o, -5*i - o + 98 = 0. Let z be u(i). Let n(c) = -c**2 - 5*c + 3. Give n(z).
7
Let r(a) = a**3 + 4*a**2 - 2*a - 4. Suppose 107*k = 117*k - 330. Suppose 0 = -k*l + 35*l + 8. Calculate r(l).
4
Let n = -29303/6 - -4884. Let p(b) be the second derivative of 0 + 1/20*b**5 - 14*b - 2/3*b**3 - n*b**4 - 1/2*b**2. What is p(3)?
-4
Let h be -18*9*2/54. Let o(s) = -15*s - 79. What is o(h)?
11
Let z(m) = -257 + 556 - 13*m - 221 - 2*m**2. What is z(-10)?
8
Let o(k) = -k**3 - 3*k**2 - 4. Let n = 530 - 380. Let c = 146 - n. Calculate o(c).
12
Suppose -9*h - 8 = -5*h. Let o(w) = w**2 - 9*w + 4. Let x(g) = -11*g + 2. Let n(l) = -5*l + 1. Let z(f) = 9*n(f) - 4*x(f). Let r(m) = o(m) - 6*z(m). Give r(h).
8
Let s(g) = g**3 + 10*g**2 - 34*g + 24. Let u be s(1). Let r(w) = w. Let y(l) = 5*l**2 - 8*l + 1. Let k(n) = -6*r(n) - y(n). Determine k(u).
-4
Suppose 4*r + 75*v - 344 = 70*v, -r + 2*v + 99 = 0. Let c(u) = -u**3 + 4*u**2 + 10*u - 9. Let b be c(7). Let o = r + b. Let p(k) = -2*k + 7. What is p(o)?
-3
Let r(d) be the second derivative of 0*d**3 + 0 - 111*d - 1/12*d**4 + d**2. Give r(7).
-47
Let k(u) = -36*u**2 + 11*u - 27*u**2 - 5 + 62*u**2. Give k(11).
-5
Let o(p) be the first derivative of -11 + 0*p - 1/3*p**3 - 1/2*p**2 - 1/8*p**4. Let y(q) be the second derivative of o(q). Determine y(-5).
13
Let a(s) = 792*s**3 - 23*s**2 + 29*s + 17. Let n(w) = 132*w**3 - 4*w**2 + 5*w + 3. Let b(h) = -3*a(h) + 17*n(h). Calculate b(1).
-133
Let h = 3844 + -3841. Let f(s) be the third derivative of -10*s**2 - 1/60*s**5 + 2/3*s**h + 0 + 1/3*s**4 + 0*s. Determine f(8).
4
Let n(b) = -12*b + 20. Let i(k) = -k + 1. Let q(s) = 20*i(s) - n(s). Let x(f) = -355*f + 30177. Let d be x(85). Determine q(d).
-16
Let q(x) = 3*x**3 + x**2 + x - 6. Let n(j) = 16*j**3 + 4*j**2 + 4*j - 32. Let k(r) = -2*n(r) + 11*q(r). What is k(-2)?
-4
Let b(s) = -2*s**3 + 33*s**2 + 18*s + 39. Let v be b(17). Suppose 12*a + 2*a = v. Let c(w) = 2*w**2 - 5*w + 6. Determine c(a).
18
Suppose 35*s = 30*s + 975. Let v = 199 - s. Let d(m) = m**2 - 5*m - 2. Determine d(v).
-6
Let f(o) = -o**3 + 9*o**2 - 9*o + 8. Let i be f(8). Let t(j) be the second derivative of -j**3/6 - 2*j**2 + 3*j - 2. What is t(i)?
-4
Let y(a) = a**3 - 30*a**2 + 27*a + 64. Let q be (-220 - -278)*((-9)/(-3))/6. Determine y(q).
6
Let d(n) be the first derivative of -n**3/3 + 20*n**2 + 4*n - 1614. Calculate d(39).
43
Let y(d) = d**2 - 3*d + 3. Suppose 3*f + b + 6 = 2*f, 4*b + 8 = 0. Let j(p) = p**2 - 2*p + 3. Let u(n) = f*y(n) + 5*j(n). Calculate u(-2).
3
Let j be ((-6)/(-30)*(-10)/8)/(1/(-28)). Let o(c) = 6*c - 35. Calculate o(j).
7
Let v(q) be the third derivative of q**4/24 - 49*q**2. Let j(c) = c - 2. Let k be j(0). Determine v(k).
-2
Let j = -305 - -152. Let s = j + 221. Suppose -4*a + 76 = s. Let q(t) = -3*t**2 + t + 2. Give q(a).
-8
Let w(s) = 63*s**2 + 3*s + 4. Let q be 5 + (-427)/70 - 5/(-50). Determine w(q).
64
Let r(x) = -5*x + 3. Let m be (50/20)/(25/430). Suppose m*s - 67*s = -24. Give r(s).
-2
Suppose 5*t - 127 = 233. Suppose 24 = -6*s + t. Suppose h = s - 2. Let r(y) = -y**2 + 8*y - 3. Give r(h).
9
Let q(c) = c**2 - 26*c + 91. Let n = -4999 - -5021. Calculate q(n).
3
Let c(b) = -8*b**2 + 11*b - b**3 - 40 - 33*b + 17*b + 3. Let p be c(-8). Let z(k) = -3*k - 5. Calculate z(p).
-14
Let w(p) = -p + 5. Let c be w(5). Suppose -5*m = -c*m + 10. Let l(t) be the second derivative of t**4/4 + t**3/2 + t**2 - 36312*t. What is l(m)?
8
Let k(c) be the second derivative of -c**4/12 - c**3 + c**2/2 - 353*c + 2. Calculate k(-5).
6
Let f(l) = -19*l**2 + 13*l - 8. Let t(u) = 4*u**2 - 2*u + 1. Let o(r) = -f(r) - 5*t(r). Let j = -38 + 42. Determine o(j).
-25
Let i(j) = -j - 2. Suppose -143*c = -138*c + 5, 0 = -4*o - 2*c - 102. What is i(o)?
23
Let c(q) = -47*q - 4. Let l be (50/50)/(2/10). Let j(x) = 73*x + 6. Let h(a) = l*j(a) + 8*c(a). Calculate h(-1).
9
Let p(h) = -h**3 + 3*h - 2. Let k = -12 + 30. Suppose -2*u - 31 - k = -z, 0 = -u - 2. Suppose -z*y = -47*y + 4. Give p(y).
-4
Let d = -31 + 19. Let m(s) be the third derivative of s**5/60 + 13*s**4/24 + 7*s**3/6 - 19*s**2 + 39. Determine m(d).
-5
Suppose -3*s = -8*s + k + 86, 3*s - 52 = k. Suppose 13 - s = -2*l. Suppose -r + 3*q = -6, l*q - 1 = -5. Let a(b) = b**2 - b - 3. Give a(r).
